{"id":791,"date":"2023-10-17T18:15:53","date_gmt":"2023-10-17T18:15:53","guid":{"rendered":"https:\/\/olympiaboutique.com\/?post_type=product&#038;p=791"},"modified":"2025-12-01T04:17:32","modified_gmt":"2025-12-01T04:17:32","slug":"andalou-naturals-turmeric-vitamine-c-serum-eclaircissant","status":"publish","type":"product","link":"https:\/\/olympiaboutique.com\/en\/product\/andalou-naturals-turmeric-vitamine-c-serum-eclaircissant\/","title":{"rendered":"ANDALOU NATURALS Turmeric + vitamine C S\u00e9rum \u00e9claircissant 32 ml"},"content":{"rendered":"<ul class=\"a-unordered-list a-vertical a-spacing-mini\">\n<li class=\"a-spacing-mini\"><span class=\"a-list-item\">S\u00e9rum pour le visage \u00e0 la vitamine C et au curcuma\u00a0: le complexe de cellules souches de fruits, le curcuma et la vitamine C aident \u00e0 soutenir la vitalit\u00e9 dermique, ciblant les cellules de surface surexpos\u00e9es pour un \u00e9clat plus lumineux et sain<\/span><\/li>\n<li class=\"a-spacing-mini\"><span class=\"a-list-item\">\u00c9claircissant avec de la vitamine C : les produits de soins de la peau Andalou Naturals contenant de la vitamine C peuvent aider \u00e0 combattre les dommages caus\u00e9s par le soleil et \u00e0 favoriser un teint plus lumineux et plus uniforme pour les peaux normales et mixtes.<\/span><\/li>\n<\/ul>\n<p>&nbsp;<\/p>","protected":false},"excerpt":{"rendered":"<p><span style=\"\">Ce s\u00e9rum contient un complexe de cellules souches de fruits, d\u2019extrait de curcuma et de vitamine C et vise \u00e0 \u00e9claircir et \u00e0 raviver le teint tout en luttant contre l\u2019hyper-pigmentation, les dommages caus\u00e9s par les UV et les radicaux libres tout en activant la production de collag\u00e8ne et d\u2019\u00e9lastine pour unifier le teint et retrouver une peau plus ferme et plus souple. <\/span>Pour peaux normales et mixtes.<\/p>","protected":false},"featured_media":1107,"comment_status":"open","ping_status":"closed","template":"","meta":{"_joinchat":[]},"product_brand":[],"product_cat":[22],"product_tag":[183],"class_list":{"0":"post-791","1":"product","2":"type-product","3":"status-publish","4":"has-post-thumbnail","6":"product_cat-skincare","7":"product_tag-andalou-natural","9":"first","10":"outofstock","11":"shipping-taxable","12":"purchasable","13":"product-type-simple"},"jetpack_sharing_enabled":true,"_links":{"self":[{"href":"https:\/\/olympiaboutique.com\/en\/wp-json\/wp\/v2\/product\/791","targetHints":{"allow":["GET"]}}],"collection":[{"href":"https:\/\/olympiaboutique.com\/en\/wp-json\/wp\/v2\/product"}],"about":[{"href":"https:\/\/olympiaboutique.com\/en\/wp-json\/wp\/v2\/types\/product"}],"replies":[{"embeddable":true,"href":"https:\/\/olympiaboutique.com\/en\/wp-json\/wp\/v2\/comments?post=791"}],"wp:featuredmedia":[{"embeddable":true,"href":"https:\/\/olympiaboutique.com\/en\/wp-json\/wp\/v2\/media\/1107"}],"wp:attachment":[{"href":"https:\/\/olympiaboutique.com\/en\/wp-json\/wp\/v2\/media?parent=791"}],"wp:term":[{"taxonomy":"product_brand","embeddable":true,"href":"https:\/\/olympiaboutique.com\/en\/wp-json\/wp\/v2\/product_brand?post=791"},{"taxonomy":"product_cat","embeddable":true,"href":"https:\/\/olympiaboutique.com\/en\/wp-json\/wp\/v2\/product_cat?post=791"},{"taxonomy":"product_tag","embeddable":true,"href":"https:\/\/olympiaboutique.com\/en\/wp-json\/wp\/v2\/product_tag?post=791"}],"curies":[{"name":"wp","href":"https:\/\/api.w.org\/{rel}","templated":true}]}}

ANDALOU NATURALS Turmeric + vitamine C Sérum éclaircissant 32 ml

<ul class="a-unordered-list a-vertical a-spacing-mini">
<li class="a-spacing-mini"><span class="a-list-item">Sérum pour le visage à la vitamine C et au curcuma : le complexe de cellules souches de fruits, le curcuma et la vitamine C aident à soutenir la vitalité dermique, ciblant les cellules de surface surexposées pour un éclat plus lumineux et sain</span></li>
<li class="a-spacing-mini"><span class="a-list-item">Éclaircissant avec de la vitamine C : les produits de soins de la peau Andalou Naturals contenant de la vitamine C peuvent aider à combattre les dommages causés par le soleil et à favoriser un teint plus lumineux et plus uniforme pour les peaux normales et mixtes.</span></li>
</ul>
<p>&nbsp;</p>

<p><span style="">Ce sérum contient un complexe de cellules souches de fruits, d’extrait de curcuma et de vitamine C et vise à éclaircir et à raviver le teint tout en luttant contre l’hyper-pigmentation, les dommages causés par les UV et les radicaux libres tout en activant la production de collagène et d’élastine pour unifier le teint et retrouver une peau plus ferme et plus souple. </span>Pour peaux normales et mixtes.</p>
